{"id":84,"date":"2026-01-23T15:58:02","date_gmt":"2026-01-23T14:58:02","guid":{"rendered":"https:\/\/teamshop89-grabert.de\/tennisshop\/?post_type=product&#038;p=84"},"modified":"2026-04-03T12:40:11","modified_gmt":"2026-04-03T10:40:11","slug":"dunlop-d-tb-australian-open-4pet","status":"publish","type":"product","link":"https:\/\/teamshop89-grabert.de\/tennisshop\/produkt\/dunlop-d-tb-australian-open-4pet\/","title":{"rendered":"DUNLOP &#8211; D TB AUSTRALIAN OPEN 4 PET"},"content":{"rendered":"<p>Jetzt startet Dunlop richtig durch, denn mit dem Australian Open-Ball (4er-Dose) spielst Du mit dem Material der ganz gro\u00dfen Stars. Der akribisch erstellte Ball besteht aus feinstem Naturkautschuk, was durch die besondere Verarbeitung des Unternehmens nochmals verst\u00e4rkt wird. Dar\u00fcber hinaus besticht der Australian Open-Spielball durch eine gro\u00dfartige Haltbarkeit, selbst unter den hei\u00dfesten \u00e4u\u00dferen Bedingungen h\u00e4lt dieser Ball jeder Belastung stand. Der offizielle Turnierball wurde von Profis getestet und jetzt kommt er auch offiziell zum Einsatz. Sichere Dir schnell den Dunlop Australian Open Ball und spiel\u2019 Zuhause wie die ganz gro\u00dfen Idole!<\/p>\n<ul>\n<li>4 B\u00e4lle pro Dose<\/li>\n<li>18 Dosen pro Karton<\/li>\n<\/ul>\n","protected":false},"excerpt":{"rendered":"<p>Jetzt startet Dunlop richtig durch, denn mit dem Australian Open-Ball (4er-Dose) spielst Du mit dem Material der ganz gro\u00dfen Stars. Der akribisch erstellte Ball besteht aus feinstem Naturkautschuk, was durch die besondere Verarbeitung des Unternehmens nochmals verst\u00e4rkt wird. Dar\u00fcber hinaus besticht der Australian Open-Spielball durch eine gro\u00dfartige Haltbarkeit, selbst unter den hei\u00dfesten \u00e4u\u00dferen Bedingungen h\u00e4lt [&hellip;]<\/p>\n","protected":false},"featured_media":111,"comment_status":"open","ping_status":"closed","template":"","meta":[],"product_brand":[],"product_cat":[31],"product_tag":[33],"class_list":{"0":"post-84","1":"product","2":"type-product","3":"status-publish","4":"has-post-thumbnail","6":"product_cat-tennisbaelle","7":"product_tag-anfrage","9":"first","10":"instock","11":"sale","12":"taxable","13":"shipping-taxable","14":"purchasable","15":"product-type-simple"},"_links":{"self":[{"href":"https:\/\/teamshop89-grabert.de\/tennisshop\/wp-json\/wp\/v2\/product\/84","targetHints":{"allow":["GET"]}}],"collection":[{"href":"https:\/\/teamshop89-grabert.de\/tennisshop\/wp-json\/wp\/v2\/product"}],"about":[{"href":"https:\/\/teamshop89-grabert.de\/tennisshop\/wp-json\/wp\/v2\/types\/product"}],"replies":[{"embeddable":true,"href":"https:\/\/teamshop89-grabert.de\/tennisshop\/wp-json\/wp\/v2\/comments?post=84"}],"wp:featuredmedia":[{"embeddable":true,"href":"https:\/\/teamshop89-grabert.de\/tennisshop\/wp-json\/wp\/v2\/media\/111"}],"wp:attachment":[{"href":"https:\/\/teamshop89-grabert.de\/tennisshop\/wp-json\/wp\/v2\/media?parent=84"}],"wp:term":[{"taxonomy":"product_brand","embeddable":true,"href":"https:\/\/teamshop89-grabert.de\/tennisshop\/wp-json\/wp\/v2\/product_brand?post=84"},{"taxonomy":"product_cat","embeddable":true,"href":"https:\/\/teamshop89-grabert.de\/tennisshop\/wp-json\/wp\/v2\/product_cat?post=84"},{"taxonomy":"product_tag","embeddable":true,"href":"https:\/\/teamshop89-grabert.de\/tennisshop\/wp-json\/wp\/v2\/product_tag?post=84"}],"curies":[{"name":"wp","href":"https:\/\/api.w.org\/{rel}","templated":true}]}}